0?
98
What is the remainder when 3295 is divided by 1057?
124
Calculate the remainder when 24894 is divided by 1950.
1494
Calculate the remainder when 9886 is divided by 495.
481
Calculate the remainder when 94893 is divided by 4986.
159
Calculate the remainder when 22414 is divided by 16.
14
What is the remainder when 18964 is divided by 2107?
1
Calculate the remainder when 6359 is divided by 3056.
247
What is the remainder when 1627726 is divided by 12?
10
What is the remainder when 36887 is divided by 104?
71
What is the remainder when 7345 is divided by 3519?
307
What is the remainder when 93158 is divided by 20?
18
Calculate the remainder when 326036 is divided by 55.
51
What is the remainder when 11864 is divided by 113?
112
What is the remainder when 22474 is divided by 12?
10
What is the remainder when 56687 is divided by 16?
15
Calculate the remainder when 47155 is divided by 11.
9
What is the remainder when 520 is divided by 24?
16
What is the remainder when 3148 is divided by 121?
2
Calculate the remainder when 18681 is divided by 130.
91
Calculate the remainder when 524169 is divided by 76.
73
Calculate the remainder when 674871 is divided by 24.
15
Calculate the remainder when 92473 is divided by 75.
73
What is the remainder when 1157 is divided by 338?
143
What is the remainder when 180211 is divided by 473?
471
Calculate the remainder when 58040 is divided by 43.
33
What is the remainder when 1329 is divided by 16?
1
Calculate the remainder when 2336 is divided by 344.
272
What is the remainder when 39034 is divided by 298?
294
What is the remainder when 99191 is divided by 49585?
21
What is the remainder when 8949 is divided by 33?
6
What is the remainder when 8798 is divided by 2513?
1259
What is the remainder when 16262 is divided by 677?
14
What is the remainder when 11853 is divided by 167?
163
What is the remainder when 4255198 is divided by 9?
7
What is the remainder when 17502 is divided by 135?
87
Calculate the remainder when 289302 is divided by 11.
2
Calculate the remainder when 7330 is divided by 282.
280
What is the remainder when 30454 is divided by 4279?
501
What is the remainder when 3128 is divided by 337?
95
What is the remainder when 13831 is divided by 89?
36
What is the remainder when 718 is divided by 78?
16
What is the remainder when 4308 is divided by 478?
6
What is the remainder when 53180 is divided by 1266?
8
What is the remainder when 4756 is divided by 20?
16
Calculate the remainder when 10650 is divided by 14.
10
Calculate the remainder when 4282 is divided by 1247.
541
What is the remainder when 9421 is divided by 4155?
1111
Calculate the remainder when 21863 is divided by 5287.
715
What is the remainder when 21885 is divided by 476?
465
What is the remainder when 573838 is divided by 80?
78
Calculate the remainder when 44687 is divided by 56.
55
Calculate the remainder when 4113 is divided by 1343.
84
Calculate the remainder when 6176 is divided by 880.
16
Calculate the remainder when 262900 is divided by 87630.
10
Calculate the remainder when 11164 is divided by 29.
28
What is the remainder when 17701 is divided by 1606?
35
Calculate the remainder when 5765 is divided by 2874.
17
Calculate the remainder when 227 is divided by 220.
7
Calculate the remainder when 793 is divided by 45.
28
What is the remainder when 63563 is divided by 385?
38
Calculate the remainder when 167726 is divided by 16.
14
What is the remainder when 4442 is divided by 7?
4
What is the remainder when 2362 is divided by 557?
134
Calculate the remainder when 2036 is divided by 1339.
697
What is the remainder when 17973 is divided by 2980?
93
What is the remainder when 18059 is divided by 74?
3
What is the remainder when 12827 is divided by 141?
137
What is the remainder when 845 is divided by 23?
17
Calculate the remainder when 15869 is divided by 297.
128
Calculate the remainder when 163962 is divided by 716.
714
Calculate the remainder when 6358 is divided by 6.
4
Calculate the remainder when 1060 is divided by 399.
262
What is the remainder when 2989611 is divided by 19?
18
Calculate the remainder when 75810 is divided by 44.
42
Calculate the remainder when 190916 is divided by 95446.
24
What is the remainder when 71433 is divided by 98?
89
Calculate the remainder when 123606 is divided by 263.
259
Calculate the remainder when 33210 is divided by 1945.
145
What is the remainder when 2644 is divided by 126?
124
What is the remainder when 239693 is divided by 439?
438
What is the remainder when 3119 is divided by 2204?
915
What is the remainder when 2210 is divided by 831?
548
Calculate the remainder when 1391522 is divided by 67.
66
Calculate the remainder when 1355474 is divided by 341.
340
Calculate the remainder when 53121 is divided by 2303.
152
What is the remainder when 22251 is divided by 313?
28
Calculate the remainder when 65608 is divided by 27.
25
What is the remainder when 11129 is divided by 19?
14
Calculate the remainder when 4567 is divided by 1516.
19
Calculate the remainder when 3432 is divided by 609.
387
What is the remainder when 4055338 is divided by 20?
18
Calculate the remainder when 2239 is divided by 55.
39
Calculate the remainder when 1851 is divided by 26.
5
What is the remainder when 345179 is divided by 3633?
44
What is the remainder when 2163 is divided by 4?
3
What is the remainder when 52864 is divided by 534?
532
What is the remainder when 391828 is divided by 353?
351
Calculate the remainder when 468 is divided by 334.
134
What is the remainder when 30376 is divided by 1218?
1144
Calculate the remainder when 25180 is divided by 25157.
23
Calculate the remainder when 76894 is divided by 144.
142
What is the remainder when 3474 is divided by 13?
3
Calculate the remainder when 5827 is divided by 644.
31
What is the remainder when 5561 is divided by 737?
402
What is the remainder when 3887 is divided by 4?
3
What is the remainder when 302031 is divided by 17766?
9
What is the remainder when 13729 is divided by 114?
49
What is the remainder when 28633 is divided by 293?
212
Calculate the remainder when 102391 is divided by 1736.
1703
Calculate the remainder when 2574 is divided by 21.
12
Calculate the remainder when 4976 is divided by 1658.
2
Calculate the remainder when 34222 is divided by 5702.
10
What is the remainder when 231326 is divided by 49?
46
Calculate the remainder when 25479 is divided by 180.
99
Calculate the remainder when 2035 is divided by 450.
235
Calculate the remainder when 2190 is divided by 1138.
1052
Calculate the remainder when 1182 is divided by 1162.
20
What is the remainder when 73014 is divided by 1739?
1715
What is the remainder when 1296 is divided by 895?
401
What is the remainder when 39838 is divided by 62?
34
What is the remainder when 589105 is divided by 15?
10
What is the remainder when 7637 is divided by 55?
47
What is the remainder when 736 is divided by 241?
13
Calculate the remainder when 2890 is divided by 2865.
25
Calculate the remainder when 142374 is divided by 88.
78
Calculate the remainder when 6994 is divided by 6471.
523
What is the remainder when 1869567 is divided by 109?
108
What is the remainder when 2254 is divided by 386?
324
What is the remainder when 2016365 is divided by 1338?
1337
Calculate the remainder when 1094 is divided by 139.
121
What is the remainder when 4936 is divided by 821?
10
Calculate the remainder when 64717 is divided by 17.
15
Calculate the remainder when 26965 is divided by 9.
1
What is the remainder when 528 is divided by 503?
25
What is the remainder when 424680 is divided by 345?
330
What is the remainder when 126458 is divided by 42151?
5
What is the remainder when 26619 is divided by 45?
24
Calculate the remainder when 45776 is divided by 70.
66
Calculate the remainder when 300865 is divided by 100286.
7
Calculate the remainder when 2888 is divided by 881.
245
What is the remainder when 421 is divided by 275?
146
Calculate the remainder when 372 is divided by 75.
72
What is the remainder when 372 is divided by 93?
0
What is the remainder when 12936 is divided by 860?
36
Calculate the remainder when 207657 is divided by 281.
279
What is the remainder when 661979 is divided by 110?
109
What is the remainder when